 - y. What is the units digit of s?
7
Suppose -3*b = -5834 + 5819. Suppose -5*y = -0*y - 10. Suppose -4*l - y*a = 3*a - 169, -b*l - 3*a + 208 = 0. What is the tens digit of l?
4
Suppose 157 = 2*q + 2*y - 1001, -5*q + 4*y = -2877. What is the units digit of q?
7
Suppose 8*p + 2*p = 0. Suppose 4*b + 3 = 15. Suppose -3*l + p*i + i = -43, 0 = -2*l + b*i + 31. What is the tens digit of l?
1
Let s(y) be the third derivative of 8*y**2 + 19/3*y**3 + 0 + 0*y - 1/24*y**4. What is the units digit of s(0)?
8
Let n be 3 + 20/(-15)*15. Let u = n + 42. What is the units digit of u?
5
What is the thousands digit of 8/(-5) + 1 + (-403128)/(-330)?
1
Let b(o) = 2*o + 56. What is the tens digit of b(25)?
0
Let q be (-2)/(-6)*(-2751)/7. Let s = 196 + q. What is the units digit of s?
5
Let h(f) = 11*f + 2. Let o be h(0). Suppose -5*c = 2*v - 763, -o*c - 3*v + v = -310. What is the hundreds digit of c?
1
Let p(t) = 17*t + t**3 - 15*t + 3*t**3 - 4. What is the units digit of p(2)?
2
Suppose 233*r - 239*r + 7338 = 0. What is the hundreds digit of r?
2
Let s(j) = -j**2 + 3. Suppose 2*x = -6*v + v + 33, -5*x - 5 = -5*v. Let h be s(v). Let c = -11 - h. What is the units digit of c?
1
Let y(u) = u**3 - 9*u**2 + 3*u - 11. Let p be y(9). Suppose -3*m = 4*b + 4, 0*b - 2*b - p = -2*m. Suppose -m*j = -6*j + 120. What is the tens digit of j?
6
Suppose 114 = 4*i + g, 2*g - 10 = i - 34. What is the units digit of (i*1)/(-3 + 96/30)?
0
Suppose -3*p - 104 = p. Let a(u) = -u**3 - 25*u**2 + 24*u - 34. What is the units digit of a(p)?
8
Suppose -4*s + 4*x + 2521 = -1019, 0 = -s - 4*x + 875. What is the hundreds digit of s?
8
Suppose 5*j - 1306 = 2*n, -2*n = -3*j + 2*j + 266. What is the hundreds digit of j?
2
Let d = -142 - -205. What is the units digit of d?
3
Suppose 0 = -5*u - u + 18. What is the units digit of u?
3
Suppose 0 = -6*v + 308 + 112. Suppose 0 = -5*o, 3*d - 101 = 2*o + v. What is the tens digit of d?
5
Let n = 3272 - 1953. What is the units digit of n?
9
Let a = 7357 - 4020. What is the hundreds digit of a?
3
Let d be (-48)/28*56/(-6). Let b be (6/9)/(2/6). Suppose -b*z = -0*z - d. What is the units digit of z?
8
Let j be 128 - (-3)/9*3. Suppose -2*d - j = -5*d. What is the tens digit of d?
4
Suppose -4*v + 12 = -320. Suppose 37 = -5*s - v. What is the units digit of (6/8)/((-1)/s)?
8
Let c = 19 + 12. Let g = 57 - c. What is the tens digit of g?
2
Suppose -15 = -5*a + 5*y, 0*a + 3*a + 3*y = -15. What is the tens digit of (2/(-2))/(a/71)?
7
Let u be (-3 - -5)/((-3)/(-6)). Let s(j) = 3*j. Let z be s(u). Let x = 31 - z. What is the units digit of x?
9
Let w = 69 + -65. Suppose -w*i + 324 = -124. What is the hundreds digit of i?
1
Let z(f) = 3*f + 15 - 6 + 7 - 4*f. Let s be z(16). Suppose s*h - 3*h + 141 = 0. What is the tens digit of h?
4
Let d be -8 + (2/2 - -3) - -9. Suppose 3*g - 4*f + 2 = 8, -f + 27 = 4*g. Suppose 0 = g*s - 127 - d. What is the units digit of s?
2
What is the tens digit of 89733/39 - (10 - (-396)/(-39))?
0
What is the hundreds digit of (4/(-5))/2 + (-477564)/(-510)?
9
Suppose 39 + 641 = b + z, -4*z + 671 = b. What is the units digit of b?
3
Suppose d - 5*s - 20 = 0, -2*s = 4*d - 3*s - 4. Suppose -2*t + 7*t - 15 = d. Suppose -4*x - r + 77 = 0, -2*x + 33 = -8*r + t*r. What is the units digit of x?
9
Let q be (-6)/((-3)/1) - -5. Let w(p) = p - 5. Let c be w(q). Suppose c*o + o = 69. What is the units digit of o?
3
Let m(k) = -1 + 5*k**2 - 3*k - 7 + 1. What is the tens digit of m(-3)?
4
Let b be 2/((10/(-15))/((-5)/(-3))). What is the units digit of (-32)/(-5) - (-2)/b?
6
Let t(y) = 5*y - 3. Let p be t(1). Suppose 444 = 4*b - p*c, -2*b + c = -c - 226. What is the hundreds digit of b?
1
Let m(d) = 76*d - 6. Let s(o) = -o**2 - 9*o + 11. Let b be s(-10). What is the tens digit of m(b)?
7
Suppose 2*n + 25 = 4*g - 87, n + 53 = g. Suppose 302 = 5*d + 762. Let w = n - d. What is the units digit of w?
2
Suppose 6*i + 798 = 27*i. What is the tens digit of i?
3
Suppose 4*u + 2*a = 2336, -5*u + 1531 = -4*a - 1363. What is the units digit of u?
2
Suppose -2*a = 5*j - 2, -2*j - 2*j = -a + 14. Let i be (a + -2)*(-98)/(-8). Suppose -i = -3*d + 29. What is the units digit of d?
6
Let r(i) = -22*i - 113. What is the tens digit of r(-30)?
4
Let w = -5 + 11. Let z be ((-2)/6)/(w/(-54)). Suppose -2*k + 17 = -5*n, -z*n = 3*k + n - 60. What is the tens digit of k?
1
Suppose -2201 + 566 = -4*j - s, -25 = 5*s. What is the tens digit of j?
1
Let m = -18 - -60. Let v = m + -22. What is the tens digit of v?
2
Suppose -2*o = -3*u + 59, 5*u - 3*o - 21 - 78 = 0. Let n = u + 305. What is the tens digit of n?
2
Suppose 0 = 2*y - d - 2123, y - 462 = -3*d + 596. What is the units digit of y?
1
What is the tens digit of (-1)/18 - 454274/(-1116)?
0
Let o = 60 - 58. Suppose -o*u - 5*p = -4*p - 358, -16 = 4*p. What is the tens digit of u?
8
Let a(r) be the second derivative of 2*r**4/3 - r**3/2 + 5*r**2/2 - 80*r. Suppose -6 = -4*i - 2*t, 0*t - 3*t = 3*i - 3. What is the tens digit of a(i)?
3
Let p = -15 + 21. Suppose 4*n - p*n + 182 = 0. Suppose n - 16 = l. What is the units digit of l?
5
Suppose 2*w = 3*k + 757, 5*w - 1890 = -0*w + 5*k. Let t = -112 + w. What is the tens digit of t?
6
Let f(o) be the second derivative of -o**5/20 - 5*o**4/6 - 5*o**3/3 + 3*o**2 + 2*o. What is the tens digit of f(-9)?
1
Let n(q) = q**3 + q**2 - 5*q + 1. Let z be n(2). Let x(k) = k**3 - 4*k**2 - 5*k + 6. Let u be x(5). Let v = u + z. What is the units digit of v?
9
Suppose 3 + 11 = -i. Let u = -21 - i. Let b = u - -24. What is the units digit of b?
7
Let j(z) = -2*z - 2. Let u = 8 - 6. Let w be j(u). What is the tens digit of ((-44)/w)/((-3)/(-9))?
2
Let f(a) = -a**2 + 7*a + 6. Let h be f(6). Let r be (-8)/3*(-9)/h. What is the tens digit of (-436)/(-20) - r/(-10)?
2
Let o = -5 + 2. Let i be -1 - ((-12)/o)/(-4). Suppose 4*j + i*j = 24. What is the units digit of j?
6
Let v = 528 - 357. Suppose 3 = -r, 4*b = b - 2*r - v. What is the units digit of (-5)/15 - b/3?
8
Let m(b) = -2*b**3 + 6*b**2 + 11*b - 6. Let g be m(-6). Let w = g - 394. What is the units digit of w?
2
Let g(v) = -8*v + 5*v**2 - 4 - 3 - 6*v**2. Let z be g(-6). What is the tens digit of (-2)/z - (-87)/5?
1
Suppose 2*u - 4650 = -5*o - 3*u, 0 = -5*u + 25. What is the units digit of o?
5
Let a(h) be the third derivative of h**5/15 + h**3/3 + 2*h**2. Let i be 6 + (-24)/18 - 2/3. What is the units digit of a(i)?
6
Suppose -4*r = -3*b - 33, -2*b + 6*b + 66 = -2*r. What is the units digit of -1 - -24 - (-30)/b?
1
Suppose 2*c = 0, 0 = -2*n + 4*n + c - 6. Suppose 0 = b + n*b. Suppose -5*y - 4*x + 124 = 0, -2*y - 3*x + 51 = -b*x. What is the tens digit of y?
2
Let o = 7406 - 4761. What is the tens digit of o?
4
Let a(c) = c**3 + 9*c + 24. Let o be a(-5). Let j = o + 159. What is the tens digit of j?
1
Let p = 1 - -661. What is the units digit of p?
2
Let z be (-6)/(-2) + (91 - 2). Let c = z - 72. What is the units digit of c?
0
Let q(w) = 10*w**2 - 2*w - 2. Let x be q(2). Let p = x - 16. Let a = p + -1. What is the units digit of a?
7
Let f be (-1)/8 - 801/(-72). Let g = f + -12. Let u(v) = 15*v**2 + 1. What is the tens digit of u(g)?
1
What is the thousands digit of 166 + 1392 - (1 - 1/(-1))?
1
Let w(t) = t**2 - 9*t + 8. Let n(x) = -x**2 + 12*x - 2. Let s be n(11). What is the units digit of w(s)?
8
Let n = -2 - -8. What is the tens digit of (132/(-30))/(n/(-105))?
7
Let k(o) = -o + 22. Let p be k(20). Suppose a - j = 5*a - 148, -2*j = p*a - 68. What is the tens digit of a?
3
Suppose 155 = 3*z + u - 3552, 0 = -4*z + u + 4945. What is the units digit of z?
6
Let w(k) = k**3 + 7*k**2 - 2*k - 10. Let f be w(-7). Suppose v - f = -4*s, 0 = s + s. Suppose y + v = 2*y. What is the units digit of y?
4
Suppose -6*v = -2*k - 9*v + 1230, -3*k - v + 1859 = 0. What is the units digit of k?
1
Suppose 0*q = -5*q + 300. Suppose -44 = 4*m + q. What is the units digit of (-2 + m)*12/(-8)?
2
Suppose 0 = -2*w - 4*p + 508, 3*p = -3*w + p + 754. Suppose -4*s = -562 - w. Suppose s = 5*z - 12. What is the units digit of z?
3
Suppose 2*s - 10 = 2*p, 2*p = -5*s - 2 - 1. Suppose -4*f = 4*h - 52, h + 41 = 2*f + 3*f. What is the units digit of (f/18)/(s/28)?
4
Let n(i) be the second derivative of 0 + 1/6*i**3 + 1/6*i**4 - 3/2*i**2 - 2*i. What is the units digit of n(-3)?
2
Let a(q)